 the remainder when w is divided by 10?
7
Suppose 22*d + 2662 = -0*d. Let v = d + 126. What is the remainder when 13 is divided by v?
3
Calculate the remainder when ((-14)/(-12))/((-262)/(-12576)) is divided by 48.
8
What is the remainder when 18/57 - 3912070/(-4427) is divided by 108?
20
Suppose -4*k + r + 1901 = 0, -8*r + 3*r - 955 = -2*k. What is the remainder when k is divided by 14?
13
Let l = 3486 + -2985. Calculate the remainder when l is divided by 39.
33
Suppose 0*h - 2*h + 30 = 0. Suppose -f + 105 = 2*d, 4*f + 3 = h. Let k = 62 - -39. What is the remainder when k is divided by d?
50
Suppose 25*u = 39*u - 868. Calculate the remainder when (-63971)/(-2201) - 4/u is divided by 12 + -1 - 0/(-1).
7
Let d = 112 - 107. Suppose -d*x = 25*x - 270. Calculate the remainder when 46 is divided by x.
1
Suppose 0 = -2*g - h + 3*h + 38, 10 = g + 2*h. Suppose -g*i - 73 = -1689. What is the remainder when i is divided by 56?
45
Let y = -3338 - -3413. What is the remainder when 380 is divided by y?
5
Suppose 3*c + 5*m + 1 = 2, 4*m = 2*c - 8. Suppose v - 197 = -0*w + 4*w, -3*v + 576 = 3*w. Let t = -190 + v. What is the remainder when t is divided by c?
1
Let h(m) = -m**2 + 12*m - 33. Let r be h(6). Calculate the remainder when r - 0 - -97 - 6/3 is divided by 9.
8
Let c(b) = -b**3 + 11*b**2 - 23*b - 2. Let v be c(7). Let w(o) = 2*o + 28. What is the remainder when w(v) is divided by 16?
14
Let z be (6 + -7)*(-2228 + 3 - 4). Suppose -j = 5*x - z, 3*x + 2*j - 3*j = 1331. Calculate the remainder when x is divided by 56.
53
Let m(x) = x**3 - 114*x**2 + 118*x - 332. Calculate the remainder when 685 is divided by m(113).
219
Let d(q) = q**3 + 3*q**2 - 2*q + 1. Let i be 42/6 - (0 + 3). Suppose 14 = 5*j - 121. What is the remainder when d(i) is divided by j?
24
Suppose -n + 4 = n. Let f(s) = 13*s**3 + 3*s**2 - 2*s + 3. What is the remainder when f(n) is divided by 4/6 + (-85)/(-3)?
28
Let v(t) = 33*t - 10. Let p be v(-14). Let j = 7 - p. What is the remainder when j is divided by 20?
19
Let f = 56254 - 56219. Let g(v) = 5*v + 2. What is the remainder when f is divided by g(2)?
11
Suppose 0 = -r - 5*p + 11, 4*r + 2*p - 42 = 20. Let u be r/(2 - 6)*(-2)/8. Let o = 30 + u. What is the remainder when o is divided by 8?
7
Suppose 41 + 50 = 13*o. What is the remainder when (-6)/(-18) - 154/(-6) is divided by 4/(-14)*(-14 - o)?
2
Let f = -308 - -311. Let x(i) = 7*i**2 - 15*i - 5. Calculate the remainder when 51 is divided by x(f).
12
Let b = 425 - 412. Suppose 5*x = 4*j - 22 - 23, -4*j + 15 = x. Suppose 5*v - 15 = 0, 5*z + 2*v = j*v + 1086. Calculate the remainder when z is divided by b.
11
Let j = -3641 + 3696. Calculate the remainder when 193 is divided by j.
28
Let p = 64 - -11. Suppose -434 = -2*m - 2*l, l - 651 = -3*m - l. Let u = m - 198. What is the remainder when p is divided by u?
18
Let r(w) = -w**2 - 24*w + 213. Let v be r(-35). Let s = v + 182. What is the remainder when 29 is divided by s?
9
Suppose 0 = -186*c + 180*c + 30. Suppose 55 = c*f - 3*w, -2*w = -0*w. Calculate the remainder when f is divided by 7.
4
Suppose -x - 4*x + 282 = -3*k, -x + k + 58 = 0. Let a = x - 24. Suppose 3*f + a = 13*f. What is the remainder when 5 is divided by f?
2
Suppose -5*f + f - 104 = 0. Suppose -500 = 27*w - 22*w. Let z = f - w. Calculate the remainder when z is divided by 15.
14
Suppose 47*x - 4*x = 628 + 705. Calculate the remainder when 797 is divided by x.
22
Suppose -46 = -5*d + 2*t, 0 = d + 2*d + 4*t - 38. Let f = d + 4. Let l = 37 + -28. Calculate the remainder when f is divided by l.
5
Let m = 5 + -1. Suppose -m*s + 14 = -2*d, -4*s + 3*d - 6 = -21. What is the remainder when s + -1 - (1 - (44 - -2)) is divided by 15?
2
What is the remainder when 1422 is divided by (1/((-6)/40))/((-60)/990)?
102
Let p(a) = -5*a - 5 + 107*a**2 - 12 + 7 + 2 - 3*a. What is the remainder when p(-1) is divided by 4?
3
Suppose 2*j + 6 = -2. Suppose 75512*y - 442 = 75499*y. What is the remainder when y is divided by 43/5 + j/(-10)?
7
Let b(f) = f**3 - 97*f**2 - 1682*f + 254. Calculate the remainder when (22/3)/(20/270) is divided by b(112).
9
Let l = 1308 - 1264. Calculate the remainder when l is divided by 29.
15
Suppose -4*d + 0*d = 0. Suppose d*c - 20 = -5*c. Suppose 5*l + 41 = 2*w, l + 3 + 13 = w. What is the remainder when w is divided by c?
1
Suppose -12*u - 157 = -625. Let w(y) = 66*y**3 + 4*y**2 - 3*y + 1. Calculate the remainder when w(1) is divided by u.
29
Let y(q) = -4*q**2 + 3*q**2 - 128 - 3*q**2 + 6*q**2 - 32*q - q**2. What is the remainder when y(39) is divided by 49?
47
Let j = -1179 + 2554. What is the remainder when j is divided by 7?
3
Suppose -21 + 11 = -5*c. Suppose -4*x = -l - 353, -5*l - 25 = c*x - 174. What is the remainder when x is divided by 33?
21
Let q = 116 + -114. Suppose 4*h + 4*r - 80 = 0, 41 = 4*h + q*r - 31. What is the remainder when 431 is divided by h?
15
Let r be 6/10 - (-5 - 2727/5). Let x = r + -291. What is the remainder when x is divided by 88?
84
Suppose 0 = 3*y - 3*l - 198, 3*l = -11*y + 7*y + 264. Calculate the remainder when 275 is divided by y.
11
Let t be (-320)/(-150) + (-2)/15. Let l be (-2 + (-4)/(-4))/(t/(-4)). What is the remainder when 17 is divided by (0 + l)/(4/18)?
8
Let b = 9105 - 8541. Calculate the remainder when b is divided by 190.
184
Let h(p) = 75*p - 1321. Calculate the remainder when h(24) is divided by 3.
2
Let w = -223 - -259. Suppose 0 = -o - 5, 4*o + 104 = 2*h. What is the remainder when h is divided by (-11 - -6)/((-15)/w)?
6
Calculate the remainder when 881 is divided by (-213)/((-18)/88*6 - (-27)/(-99)).
29
Let v(a) be the second derivative of a**4/4 + a**3/2 + a**2 - 14*a. Let g be v(-2). Suppose -g*d + 155 = 43. What is the remainder when 39 is divided by d?
11
Let m = -181 - -276. What is the remainder when (6/(-5))/((-2)/m) is divided by (-30)/(-9)*(-1 - -7)?
17
Let i = 75 - 38. Suppose -102*d + 103*d + 4 = 0. Calculate the remainder when i is divided by -4*7*(-5)/10 + d.
7
Let j be (-6)/14 + 228/42. Suppose 2*y - j*p = -17 - 143, 3*y - 3*p = -222. Let r = y + 117. What is the remainder when 93 is divided by r?
46
What is the remainder when (-1)/((-1)/(-2))*(-23 - 95/1) is divided by 136?
100
Let l = 19 - 17. Suppose 2*g + 6*n = l*n + 18, 5*g = -2*n + 13. What is the remainder when 57 is divided by (30/(-12))/(g/(-4))?
7
Let d = -86 - -120. Suppose -5*c + 96 = -219. Suppose c*h + 64 = 64*h. What is the remainder when h is divided by d?
30
Let s be 1980/231 + 6/(-28)*-2. Suppose s*k = -k + 580. What is the remainder when k is divided by 35?
23
What is the remainder when 697 is divided by (1/(3/6))/(22/68706*18)?
3
Let k(p) = p**3 + 5*p**2 + 7*p + 4. Let u be k(-2). Calculate the remainder when 91 is divided by 5/(-2) + u - 95/(-2).
44
Suppose -126*k + 131*k = -5*m + 330, 3*m = -k + 194. Calculate the remainder when 366 is divided by m.
46
Let q = -304 + 536. Let y = 369 - q. Calculate the remainder when y is divided by 70.
67
Let g be ((-128)/3)/(-2 - 21/(-9)). Let m = 241 + g. Suppose -16 = 4*q - 168. What is the remainder when m is divided by q?
37
Suppose -35*f - 19*f = -1350. What is the remainder when 80 is divided by (-40)/f + (-312)/(-20)?
10
Let m = 221 + 29. Let f = m - 247. What is the remainder when 49 is divided by f?
1
Suppose 45*k = 182*k + 124*k - 918198. Calculate the remainder when 3530 is divided by k.
12
Suppose 3*i - 200 = -2*a, -i - 3*a = -265 + 224. Calculate the remainder when i is divided by (-80)/6*(-27)/12.
14
Let t = -75 - -95. Calculate the remainder when 112/84 - (-224)/12 is divided by t.
0
Let x(q) = 26*q**2 - 8*q + 11. Let h be x(3). Suppose -5*k - 5*r + h = 21, 35 = k + 2*r. Calculate the remainder when k is divided by 16.
13
Let a = -1832 - -1844. Calculate the remainder when 2540 is divided by a.
8
Let k = 18 + -33. Let s = k - -24. Suppose 5*o = -389 + 469. Calculate the remainder when o is divided by s.
7
Let o(k) be the second derivative of k**3/2 + 12*k**2 - 20*k. Let y be o(13). Let u = -47 + y. What is the remainder when 46 is divided by u?
14
Suppose -2*f - 3*m - m = 8, -m = 4*f - 12. Let a(b) = -4*b + 4*b - 4*b**2 - b**3 - f*b - 1 + b. What is the remainder when 43 is divided by a(-4)?
10
Let b be (-2)/(4/179) + (-2)/4. Let l = 109 + b. Calculate the remainder when (1